t is 3 + 3?
6
In base 11, what is 186 + 0?
186
In base 11, what is -16 - 591?
-5a7
In base 4, what is -10 + 1123?
1113
In base 3, what is 10 + 112010?
112020
In base 13, what is 28 + a8?
103
In base 15, what is -94 - 4a?
-de
In base 10, what is 10 - -224?
234
In base 16, what is 12 - 0?
12
In base 6, what is 415 + 0?
415
In base 6, what is -10 - -42?
32
In base 13, what is -2 - 235?
-237
In base 7, what is -6 - 325?
-334
In base 14, what is -5 - -3d?
38
In base 2, what is -10110 - 1?
-10111
In base 15, what is 4 - 8?
-4
In base 2, what is -110011110 - 10?
-110100000
In base 6, what is 21 - 3001?
-2540
In base 4, what is -12 + 231?
213
In base 11, what is 10 - 21?
-11
In base 15, what is 3 + 38?
3b
In base 15, what is 1a - -17?
32
In base 15, what is -5 - 67e?
-684
In base 15, what is 4 - -30?
34
In base 11, what is 100 + -25?
86
In base 5, what is 302 + 21?
323
In base 4, what is -2 + -101230?
-101232
In base 15, what is 4 + 488?
48c
In base 8, what is -23275 + -3?
-23300
In base 7, what is 1202 + -5?
1164
In base 5, what is 131423 - 1?
131422
In base 13, what is 5 + -24a?
-245
In base 16, what is -4 - 30?
-34
In base 9, what is -4 - 46?
-51
In base 7, what is -42 + -113?
-155
In base 10, what is -1 + 71?
70
In base 14, what is 15 + 55?
6a
In base 13, what is 2 + -695?
-693
In base 3, what is -11100 - 11?
-11111
In base 13, what is 2 - 7?
-5
In base 2, what is 1111000 + 110001?
10101001
In base 13, what is 1 + 14?
15
In base 9, what is -2 + 1631?
1628
In base 8, what is 5 + -106?
-101
In base 6, what is -102120 - 5?
-102125
In base 4, what is 2 + 132?
200
In base 9, what is -3 - -11118?
11115
In base 4, what is 0 - -2123?
2123
In base 15, what is 3 + -1c?
-19
In base 9, what is 1 + 1?
2
In base 2, what is -101 + -1000000?
-1000101
In base 14, what is 41a + 4?
420
In base 6, what is -2 - 3120?
-3122
In base 4, what is 31031 + -121?
30310
In base 10, what is 787 + -13?
774
In base 15, what is -15c + 1?
-15b
In base 9, what is 41 + 2?
43
In base 3, what is -10112 + -101?
-10220
In base 8, what is -333 + 5?
-326
In base 13, what is 5 - 9?
-4
In base 4, what is -203312 - -2?
-203310
In base 15, what is -2 - -19a?
198
In base 7, what is -42 + 1?
-41
In base 3, what is -201 - 202212?
-210120
In base 13, what is 426 + -1?
425
In base 6, what is 11 - 31?
-20
In base 6, what is -3 - 1203?
-1210
In base 14, what is 78 + 28?
a2
In base 16, what is -251 - -6?
-24b
In base 16, what is -4 - -32?
2e
In base 2, what is -101 - -110010101?
110010000
In base 8, what is 1 - 3340?
-3337
In base 9, what is 1 + 444?
445
In base 15, what is -d - 64?
-72
In base 11, what is -3 - -590?
588
In base 13, what is 680 + -5?
678
In base 5, what is -403 + -142?
-1100
In base 16, what is 21 + -15?
c
In base 13, what is 5b + 3?
61
In base 11, what is -3 - 13?
-16
In base 16, what is 1 + 31?
32
In base 16, what is 5 - 23?
-1e
In base 15, what is 0 - 126?
-126
In base 14, what is 3 - -4b6?
4b9
In base 13, what is 4 - 46?
-42
In base 14, what is 123 + 1b?
140
In base 12, what is -7b0 - -7?
-7a5
In base 2, what is -11101 - -1001001?
101100
In base 15, what is 5 + -19?
-14
In base 8, what is 311 - 3?
306
In base 10, what is 7 + 32?
39
In base 9, what is 65 - -28?
104
In base 8, what is 425 - 16?
407
In base 5, what is -34 + 1212?
1123
In base 6, what is 201 - 2?
155
In base 6, what is -3 - -1312?
1305
In base 6, what is -55 - -1?
-54
In base 4, what is 330 + 101?
1031
In base 9, what is 20 + 50?
70
In base 13, what is 43 - -1b?
61
In base 4, what is -1030 - 11?
-1101
In base 12, what is -3 + 611?
60a
In base 5, what is -3 - -223?
220
In base 8, what is 35 + 16?
53
In base 4, what is -1023 - -11?
-1012
In base 6, what is -125 - -550?
421
In base 14, what is c1 + -28?
97
In base 7, what is -5 - -231?
223
In base 16, what is 4 + 86?
8a
In base 14, what is 5 + -95?
-90
In base 3, what is -12 - -21122121?
21122102
In base 7, what is -4313 - 3?
-4316
In base 6, what is 1403 + 5?
1412
In base 4, what is 1331 - -11?
2002
In base 9, what is 2 + 4017?
4020
In base 10, what is -1356 + -2?
-1358
In base 3, what is -112000 - 2?
-112002
In base 3, what is 21 + 10211?
11002
In base 2, what is -100100110001 - -101?
-100100101100
In base 15, what is -685 - -1?
-684
In base 5, what is 31124 - -1?
31130
In base 4, what is -132 - 120?
-312
In base 16, what is 4 - -241?
245
In base 7, what is 0 + -450?
-450
In base 16, what is -5 + 5c?
57
In base 16, what is -e0 + 1b?
-c5
In base 12, what is -1 - -1114?
1113
In base 12, what is 72b0 + -3?
72a9
In base 3, what is 1010 - -102?
1112
In base 10, what is 3 - 428?
-425
In base 13, what is 4 - 576?
-572
In base 14, what is 4 - -8?
c
In base 11, what is -247 - 4?
-250
In base 15, what is -3 - -5b5?
5b2
In base 4, what is -10213230 - 1?
-10213231
In base 11, what is 2a + -143?
-114
In base 2, what is -10 + 100110?
100100
In base 3, what is -1001 - -1010?
2
In base 7, what is 16051 + 2?
16053
In base 11, what is -59 + -4?
-62
In base 2, what is 1011 - 11101?
-10010
In base 4, what is -2002 + 11?
-1331
In base 7, what is -25313 - -5?
-25305
In base 7, what is -1 - 14?
-15
In base 12, what is 1652 + 0?
1652
In base 14, what is -1d - 5?
-24
In base 3, what is 11 - 2000?
-1212
In base 11, what is -4 - -241?
238
In base 9, what is 1045 + -3?
1042
In base 13, what is 463 + 4?
467
In base 13, what is -44 + -6?
-4a
In base 16, what is 4 - -17f?
183
In base 11, what is 106 - 37?
7a
In base 4, what is -101103 + 13?
-101030
In base 2, what is 1110110 + 101?
1111011
In base 5, what is -4 + -3333?
-3342
In base 11, what is -5 + -125?
-12a
In base 15, what is 1e - -14?
33
In base 15, what is 1 - 5?
-4
In base 14, what is 10b - -4?
111
In base 15, what is 10be + 3?
10c2
In base 2, what is 100001 - 1000?
11001
In base 8, what is 2 + 312?
314
In base 16, what is -5 + 6ae?
6a9
In base 2, what is -1011101111110 - -100?
-1011101111010
In base 13, what is -81 - -1?
-80
In base 7, what is 4 - -10162?
10166
In base 2, what is 100 - -11011?
11111
In base 6, what is -14 + 213?
155
In base 8, what is 6 - -11720?
11726
In base 11, what is -11 - 1?
-12
In base 15, what is 1 - 8c?
-8b
In base 14, what is 3 - -93?
96
In base 7, what is 5 - 3433?
-3425
In base 8, what is 375 + -4?
371
In base 10, what is -66 + 44?
-22
In base 11, what is -2262 - 4?
-2266
In base 3, what is -1 + 1101111?
1101110
In base 5, what is -301 - 41?
-342
In base 7, what is 1 + 12?
13
In base 11, what is 80 - -10?
90
In base 11, what is -3 - 6aa0?
-6aa3
In base 13, what is -5 - 11?
-16
In base 8, what is -13 + -75?
-110
In base 12, what is 47 + -5?
42
In base 14, what is 0 - -a63?
a63
In base 10, what is -6697 - -5?
-6692
In base 9, what is 56 - -133?
200
In base 5, what is -1421 - -10?
-1411
In base 9, what is -1 + -76?
-77
In base 9, what is 67 - -10?
77
In base 13, what is 15 - -19?
31
In base 13, what is 5a - 1?
59
In base 6, what is 3 + 34?
41
In base 11, what is 8727 + 2?
8729
In base 8, what is -12 - -105?
73
In base 8, what is 11574 - -4?
11600
In base 6, what is -11 - 1044?
-1055
In base 9, what is -2 - -211?
208
In base 14, what is 0 - -21?
21
In base 10, what is -9 - -571?
562
In base 15, what is -731 + 5?
-72b
In base 10, what is -113 - 3?
-116
In base 14, what is 9b9 - 1?
9b8
In base 5, what is 244 + -1204?
-410
In base 16, what is -19 + -449?
-462
In base 8, what is 623 - -2?
625
In base 3, what is 2 + -22011?
-22002
In base 16, what is -1 + -367?
-368
In base 15, what is 82 + -3?
7e
In base 11, what is -4 - 9a3?
-9a7
In base 8, what is 263 - -4?
267
In base 4, what is 1321 - -2?
1323
In base 8, what is -30 - -20?
-10
In base 14, what is d + 12?
21
In base 10, what is -6 + -1?
-7
In base 15, what is 4 - -ec?
101
In base 10, what is -5 - 150?
-155
In base 11, what is 30 + -1?
2a
In base 8, what is -23 + -237?
-262
In base 9, what is 3528 - -2?
3531
In base 11, what is 475 + -5?
470
In base 12, what is -878 - 4?
-880
In base 11, what is 1407 + 1?
1408
In base 12, what is 5 + -1006?
-1001
In base 14, what is 4b - 8?
43
In base 11, what is -1 - -13?
12
In base 13, what is 9 + 174?
180
In base 8, what is 7 + -135?
-126
In base 12, what is -b1 + -5?
-b6
In base 5, what is 22431 - 1?
22430
In base 9, what is 36 - -10?
46
In base 15, what is 6 - 1ca5?
-1c9e
In base 16, what is e6 - -11?
f7
In base 13, what is 